ple of 40?
True
Is 183049 a multiple of 36?
False
Is 14 a factor of 185063?
False
Is 923 a factor of 35074?
True
Is 121 a factor of 66649?
False
Is 8540721 a multiple of 567?
True
Is 99 a factor of 634095?
True
Is 16081529 a multiple of 378?
False
Is 1119794 a multiple of 8?
False
Is 21326644 a multiple of 15?
False
Is 12 a factor of 2063364?
True
Is 17 a factor of 214965?
True
Does 323 divide 189738?
False
Is 3 a factor of 182046?
True
Does 11 divide 187275?
True
Is 52440 a multiple of 30?
True
Is 2804856 a multiple of 140?
False
Does 27 divide 2971999?
False
Does 45 divide 336416?
False
Does 65 divide 320449?
False
Does 17 divide 290598?
True
Is 18733190 a multiple of 68?
False
Is 10 a factor of 6121770?
True
Is 8 a factor of 245534?
False
Does 274 divide 5214494?
True
Does 62 divide 3407396?
True
Does 610 divide 2717548?
False
Does 16 divide 216870?
False
Does 489 divide 1746811?
False
Is 386991 a multiple of 18?
False
Is 5 a factor of 41715?
True
Does 57 divide 14752113?
True
Is 138 a factor of 1876763?
False
Is 342990 a multiple of 326?
False
Does 155 divide 241490?
True
Is 3419141 a multiple of 1051?
False
Is 68 a factor of 119476?
True
Is 686742 a multiple of 42?
True
Does 12 divide 8695703?
False
Is 624720 a multiple of 411?
True
Is 792 a factor of 1461407?
False
Is 145884 a multiple of 6?
True
Is 29 a factor of 114787?
False
Does 13 divide 12783480?
False
Is 3112989 a multiple of 33?
True
Is 40138 a multiple of 94?
True
Does 26 divide 237978?
True
Does 47 divide 783752?
False
Is 44 a factor of 80968?
False
Is 148101 a multiple of 35?
False
Is 237270 a multiple of 21?
False
Does 26 divide 762320?
True
Does 245 divide 315070?
True
Is 67 a factor of 146998?
True
Is 93412 a multiple of 121?
True
Is 31 a factor of 2537686?
False
Is 13 a factor of 1597834?
False
Is 168 a factor of 50064?
True
Is 1717326 a multiple of 18?
True
Is 2735802 a multiple of 87?
True
Does 115 divide 97290?
True
Is 1514972 a multiple of 16?
False
Is 346465 a multiple of 492?
False
Is 365 a factor of 1460?
True
Is 12256 a multiple of 19?
False
Is 374 a factor of 1213273?
False
Is 3150204 a multiple of 41?
False
Is 19 a factor of 1145567?
True
Is 50 a factor of 22887550?
True
Is 142822 a multiple of 11?
False
Is 682 a factor of 2030996?
True
Does 36 divide 3415?
False
Is 1673 a factor of 2499462?
True
Does 7 divide 589188?
False
Is 13 a factor of 62413?
True
Does 390 divide 4615815?
False
Does 26 divide 529750?
True
Is 124 a factor of 325872?
True
Is 115 a factor of 15527035?
False
Does 59 divide 966420?
True
Does 7 divide 1789?
False
Is 97122 even?
True
Is 250 a factor of 105000?
True
Does 202 divide 1516818?
True
Does 81 divide 1118969?
False
Does 20 divide 939200?
True
Does 160 divide 3481453?
False
Is 156 a factor of 2550526?
False
Is 11 a factor of 1994100?
False
Is 23 a factor of 996659?
True
Is 4 a factor of 7893?
False
Is 178288 a multiple of 7?
False
Is 4 a factor of 716697?
False
Is 470 a factor of 27260?
True
Is 33 a factor of 925419?
True
Is 44754 a multiple of 3?
True
Does 22 divide 3565171?
False
Is 3 a factor of 115362?
True
Does 197 divide 10492023?
True
Is 13 a factor of 5304?
True
Is 26157537 a multiple of 38?
False
Is 5 a factor of 976450?
True
Is 271722 a multiple of 11?
True
Does 6 divide 2075093?
False
Is 218 a factor of 33136?
True
Is 221 a factor of 505250?
False
Is 15651 a multiple of 7?
False
Is 19232 a multiple of 8?
True
Is 54 a factor of 288488?
False
Is 11059628 a multiple of 44?
False
Does 21 divide 66672?
False
Is 9353358 a multiple of 7?
True
Is 288 a factor of 181728?
True
Does 4 divide 4032?
True
Is 181 a factor of 1918238?
True
Does 203 divide 247051?
True
Is 205616 a multiple of 24?
False
Is 391824 a multiple of 24?
True
Is 140 a factor of 68092?
False
Is 11 a factor of 3696357?
False
Is 54 a factor of 13910238?
True
Is 8 a factor of 4197337?
False
Is 341255 a multiple of 76?
False
Is 180 a factor of 928407?
False
Does 282 divide 4425426?
True
Is 13 a factor of 2000840?
False
Does 4 divide 58652?
True
Is 28475 a multiple of 166?
False
Is 103306 a multiple of 14?
True
Does 16 divide 1813360?
True
Is 350140 a multiple of 205?
True
Does 309 divide 97026?
True
Does 310 divide 294346?
False
Is 17 a factor of 1427575?
True
Is 429938 a multiple of 454?
True
Is 19507 a multiple of 17?
False
Is 10798228 a multiple of 14?
True
Is 20 a factor of 1914440?
True
Is 65323 a multiple of 24?
False
Is 90896 a multiple of 13?
True
Is 9 a factor of 1459234?
False
Is 17 a factor of 3308217?
True
Does 8 divide 17778?
False
Is 369355 a multiple of 23?
False
Is 36 a factor of 3600?
True
Is 13 a factor of 7749963?
True
Does 18 divide 3800196?
True
Is 92 a factor of 1295297?
False
Does 366 divide 219966?
True
Does 13 divide 9208622?
False
Is 54 a factor of 1432242?
True
Is 296935 a multiple of 71?
False
Is 232500 a multiple of 60?
True
Is 22 a factor of 224207?
False
Is 761 a factor of 859930?
True
Is 962711 a multiple of 13?
False
Is 100 a factor of 106800?
True
Is 266 a factor of 1050168?
True
Is 7 a factor of 1564309?
False
Is 551 a factor of 2386932?
True
Is 423 a factor of 2371265?
False
Is 2239845 a multiple of 15?
True
Is 51 a factor of 41106?
True
Is 14441840 a multiple of 140?
True
Is 77588 a multiple of 326?
True
Does 173 divide 5659540?
False
Is 99 a factor of 3380076?
False
Does 11 divide 606320?
True
Does 10 divide 2505000?
True
Is 94236 a multiple of 5?
False
Does 157 divide 1977447?
False
Is 192 a factor of 532319?
False
Does 21 divide 7251279?
True
Is 2929110 a multiple of 326?
True
Is 163 a factor of 138775?
False
Is 251966 a multiple of 31?
False
Does 18 divide 2150270?
False
Is 14168 a multiple of 46?
True
Is 2709291 a multiple of 127?
True
Is 28 a factor of 119784?
True
Is 15 a factor of 1631215?
False
Does 4 divide 33472?
True
Is 24 a factor of 155650?
False
Is 123 a factor of 48339?
True
Is 111328 a multiple of 284?
True
Does 139 divide 4315438?
False
Is 1132 a factor of 1293017?
False
Does 10 divide 5714370?
True
Does 95 divide 51435?
False
Is 318879 a multiple of 156?
False
Is 45 a factor of 149625?
True
Does 140 divide 11730?
False
Is 2610 a factor of 19551510?
True
Is 107472 a multiple of 6?
True
Is 42499 a multiple of 329?
False
Is 2208006 a multiple of 14?
False
Does 13 divide 3618168?
False
Does 17 divide 4966482?
True
Is 141 a factor of 3593526?
True
Does 44 divide 1636578?
False
Is 86999 a multiple of 175?
False
Is 10 a factor of 107410?
True
Does 19 divide 460256?
True
Is 34 a factor of 2748338?
False
Does 126 divide 386316?
True
Does 13 divide 1080638?
True
Does 1490 divide 629634?
False
Is 10 a factor of 17870?
True
Is 1927848 a multiple of 668?
True
Does 144 divide 15127?
False
Is 3 a factor of 46151?
False
Does 48 divide 164210?
False
Is 134 a factor of 4597257?
False
Does 71 divide 25362123?
True
Is 18 a factor of 2550697?
False
Is 10784356 a multiple of 83?
True
Is 334776 a multiple of 58?
True
Is 60 a factor of 8389167?
False
Is 307470 a multiple of 370?
True
Is 129720 a multiple of 46?
True
Is 510701 a multiple of 383?
False
Is 411992 a multiple of 327?
False
Is 160 a factor of 608002?
False
Does 7 divide 190987?
False
Is 546 a factor of 3039306?
False
Is 2 a factor of 7225?
False
Does 34 divide 946281?
False
Is 54 a factor of 56862?
True
Is 1818318 a multiple of 120?
False
Does 36 divide 4295138?
False
Is 26 a factor of 4232809?
False
Is 352284 a multiple of 31?
True
Does 88 divide 2871029?
False
Does 6 divide 149034?
True
Is 28 a factor of 503916?
True
Is 28960 a multiple of 20?
True
Does 63 divide 32004?
True
Is 47 a factor of 129624?
False
Is 462 a factor of 264290?
False
Is 256490 a multiple of 65?
True
Does 24 divide 526553?
False
Is 3198594 a multiple of 88?
False
Is 713 a factor of 11412401?
False
Is 1475693 a multiple of 364?
False
Is 56718 a multiple of 18?
True
Is 199 a factor of 5350911?
True
Is 3750969 a multiple of 761?
True
Is 356839 a multiple of 25?
False
Is 10 a factor of 185160?
True
Is 19997 a multiple of 6?
False
Does 36 divide 309790?
False
Is 539485 a multiple of 62?
False
Is 1128219 a multiple of 69?
True
Is 6669803 a multiple of 272?
False
Is 78 a factor of 828828?
True
Is 22 a factor of 6163349?
False
Is 79 a factor of 374223?
True
Is 31 a factor of 339075?
False
Does 30 divide 252541?
F